9. Determine r(35).
-4
Let p(w) = 36*w + 661. Calculate p(-12).
229
Let s(y) = 96*y**2 + 624*y - 366. Give s(-7).
-30
Let l(h) = -64*h**2 - 7*h + 20. Give l(2).
-250
Let o(d) = 2*d**3 + 5*d**2 - 4*d + 42. What is o(0)?
42
Let l(d) = 282*d + 7618. What is l(-27)?
4
Let z(h) = 1750*h - 14026. Determine z(8).
-26
Let k(t) = t**2 + 380*t - 22954. What is k(53)?
-5
Let k(h) = -149*h**2 - h - 7. Determine k(-1).
-155
Let m(k) = 119*k + 7. Calculate m(1).
126
Let j(d) = 4*d**2 + 39*d - 465. Give j(-16).
-65
Let v(z) = 15*z**3 + z**2 + 2*z - 30. What is v(0)?
-30
Let b(r) = r**3 + 12*r**2 + 56*r + 372. Calculate b(-10).
12
Let q(d) = d**3 - 8*d**2 - 54*d. Give q(-4).
24
Let u(y) = y**2 + 90*y + 1943. What is u(-54)?
-1
Let d(y) = y**3 + 13*y**2 - 94*y - 753. Calculate d(-6).
63
Let u(l) = l**3 + 15*l**2 + 36*l - 2. What is u(-3)?
-2
Let z(b) = -21*b - 314. What is z(-18)?
64
Let z(r) = -5*r - 120. Determine z(-37).
65
Let j(m) = 65*m + 259. What is j(-4)?
-1
Let d(r) = -7*r**3 + 73*r**2 - 39*r + 85. Calculate d(10).
-5
Let w(l) = 2*l + 171. Calculate w(-13).
145
Let y(b) = 54*b + 29. Give y(0).
29
Let g(w) = 63*w + 1898. Determine g(-30).
8
Let n(x) = 242*x**2 - 3*x + 3. Calculate n(-1).
248
Let n(q) = q**2 - 35*q - 2537. What is n(74)?
349
Let p(q) = 2*q**3 - 6*q**2 + 3*q - 17. Determine p(5).
98
Let b(v) = 330*v**2 + 9*v + 3. What is b(1)?
342
Let m(h) = -h**3 - 11*h**2 + 5*h + 25. Determine m(-6).
-185
Let x(f) = 5*f**3 + 3*f**2 - 14*f + 11. Determine x(1).
5
Let m(d) = 2*d**3 + 11*d**2 + 14*d + 6. What is m(-3)?
9
Let b(w) = -w**3 - 72*w**2 + 2308*w + 384. Calculate b(-96).
0
Let r(u) = -2*u**3 - 36*u**2 + 73*u + 1303. Determine r(-18).
-11
Let l(z) = -z**2 - 7*z + 22. Calculate l(-10).
-8
Let f(j) = j**3 - 16*j**2 - 78*j - 20. Determine f(20).
20
Let n(a) = -a**3 - 8*a**2 - 32*a - 91. What is n(-3)?
-40
Let j(i) = 3*i**3 - 6*i**2 + 45*i - 146. Determine j(3).
16
Let a(u) = -2*u**3 + 29*u**2 - 24*u + 136. Calculate a(14).
-4
Let s(c) = -29*c + 133. Calculate s(6).
-41
Let n(y) = -7160*y - 85918. Determine n(-12).
2
Let v(u) = -u**3 - 57*u**2 - 164*u - 359. What is v(-54)?
-251
Let a(n) = 111*n - 1685. What is a(15)?
-20
Let c(g) = -41*g**2 + 1338*g + 1338. What is c(-1)?
-41
Let v(j) = 783*j + 76728. Give v(-98).
-6
Let s(z) = 16*z - 759. Determine s(68).
329
Let i(z) = 42*z**2 - 86*z + 40. Calculate i(2).
36
Let a(b) = -3*b**3 - 6*b**2 + 5*b + 6. What is a(-3)?
18
Let m(c) = 19*c + 438. What is m(-24)?
-18
Let p(v) = -v**2 - 2320*v + 13941. What is p(6)?
-15
Let h(p) = -p**3 + 44*p**2 - 51*p + 43. Determine h(43).
-301
Let n(b) = -b**3 - 5*b**2 + 58*b - 312. Give n(-12).
0
Let d(s) = 3*s**2 - 103*s + 771. Calculate d(25).
71
Let s(m) = m**3 - 9*m**2 - 43*m - 12. What is s(14)?
366
Let u(v) = v**2 - 25*v - 1725. Calculate u(-31).
11
Let o(f) = 3*f**2 - 9*f - 23. Give o(-6).
139
Let q(x) = x**3 + 46*x**2 - 147*x - 158. Calculate q(-49).
-158
Let c(n) = 2*n**2 + 55*n - 406. Calculate c(6).
-4
Let h(k) = -8*k**3 - 2*k**2 + 10*k - 1. Give h(2).
-53
Let h(m) = -m**3 - m**2 + 549*m + 1099. Calculate h(-2).
5
Let i(o) = -3*o**3 + 30*o**2 - 56*o + 514. Give i(10).
-46
Let c(d) = -d**2 - 996*d - 1994. What is c(-2)?
-6
Let w(t) = -1051*t + 9488. Calculate w(9).
29
Let f(w) = 112*w**3 + 44*w**2 + 47*w + 2. Determine f(-1).
-113
Let l(j) = -3*j**2 + 66*j + 10434. What is l(-49)?
-3
Let a(v) = -v**2 + 11*v - 3. What is a(14)?
-45
Let i(l) = -16*l**2 + 88*l - 173. Give i(2).
-61
Let m(b) = b**3 + 378*b**2 + 1866*b + 6. What is m(-5)?
1
Let x(f) = -541*f**2 + 84935*f + 307. Determine x(157).
-7
Let p(j) = -j**2 + 136*j - 4513. Give p(77).
30
Let r(w) = -w**3 - 7*w**2 + 83*w + 14. Give r(-13).
-51
Let n(j) = -55*j**3 + 4*j**2 + 29*j - 62. What is n(2)?
-428
Let b(t) = 3*t**2 + 116*t - 153. Calculate b(-40).
7
Let z(w) = 94*w - 269. Calculate z(3).
13
Let l(m) = -m**3 + 11*m**2 + 35*m - 57. What is l(13)?
60
Let q(i) = -60*i - 352. Calculate q(-7).
68
Let l(u) = -31*u + 36. Determine l(-7).
253
Let f(o) = o**3 - 25*o**2 - 4*o + 2. What is f(25)?
-98
Let g(d) = 13*d**2 - 275*d - 207. What is g(22)?
35
Let j(r) = 94*r + 1823. Give j(-24).
-433
Let i(x) = 7241*x - 50693. Calculate i(7).
-6
Let k(n) = -6*n - 57. Calculate k(-3).
-39
Let l(g) = -8*g + 148. Give l(9).
76
Let u(c) = -5781*c + 34677. Determine u(6).
-9
Let n(s) = 30*s + 327. Give n(-11).
-3
Let h(u) = -u**2 + 10*u - 50. Determine h(8).
-34
Let a(v) = 6*v**3 - 28*v**2 + 29*v. Give a(3).
-3
Let z(s) = s**3 + 16*s**2 + s + 126. Give z(-16).
110
Let a(h) = h**2 - h - 333. Give a(-18).
9
Let p(m) = -m**2 + 4*m + 81. Determine p(13).
-36
Let x(a) = 2*a**2 - 33*a - 88. Calculate x(-3).
29
Let n(c) = c**2 - 14*c - 147. What is n(-10)?
93
Let w(z) = 12*z**2 - 149*z - 683. What is w(16)?
5
Let r(v) = -25*v - 736. Give r(-28).
-36
Let n(g) = -9*g**2 - 160*g + 49. Determine n(-18).
13
Let t(u) = 69*u - 139. Give t(2).
-1
Let x(v) = -v**3 + 98*v**2 - 107*v + 945. Calculate x(97).
-25
Let a(o) = -2*o**2 + 33*o + 50. Give a(17).
33
Let g(x) = 318*x**2 + 1917*x + 5. What is g(-6)?
-49
Let v(i) = -40*i**2 - 262*i - 522. Calculate v(-2).
-158
Let x(m) = -11*m**2 - 203*m - 8. Give x(0).
-8
Let s(r) = r**2 - 104*r + 2673. What is s(54)?
-27
Let o(l) = -l**3 - 7*l**2 + 6*l + 61. Determine o(-6).
-11
Let n(j) = -40*j - 4917. Give n(-123).
3
Let h(v) = -v**2 + 49*v + 1159. Give h(-16).
119
Let o(q) = -2*q**3 + 86*q**2 - 552*q - 43. Determine o(8).
21
Let c(d) = 266*d + 21033. Give c(-79).
19
Let p(i) = -3*i**3 - 61*i**2 - 19*i + 14. Determine p(-20).
-6
Let a(n) = -387*n + 9655. Determine a(25).
-20
Let k(t) = -8*t + 1090. Calculate k(134).
18
Let s(z) = -10*z - 561. What is s(-49)?
-71
Let x(f) = -5*f**2 - 94*f + 945. What is x(9)?
-306
Let f(h) = h**3 - 9*h**2 - 39*h + 24. Calculate f(12).
-12
Let j(r) = -r**2 - 29*r + 196. What is j(5)?
26
Let q(w) = w**2 + 49*w + 305. Calculate q(-40).
-55
Let t(z) = z**3 - 23*z**2 + 45*z - 88. What is t(21)?
-25
Let t(s) = s**2 + 23*s - 774. Give t(21).
150
Let p(r) = -324*r**3 - 3*r**2 - 1. Determine p(-1).
320
Let s(t) = -140*t + 631. Give s(6).
-209
Let w(n) = -n**3 + 6*n**2 + 100*n - 387. Determine w(4).
45
Let t(s) = 3*s**3 + 11*s**2 + 3*s - 10. What is t(-3)?
-1
Let v(h) = -52*h - 1550. Calculate v(-26).
-198
Let o(h) = 263*h + 1846. Determine o(-7).
5
Let m(l) = -28*l + 537. Give m(19).
5
Let y(a) = a**3 - 15*a**2 - 15*a + 133. Give y(15).
-92
Let s(g) = -15*g + 569. Determine s(38).
-1
Let y(f) = -f**3 + 63*f**2 + 275*f - 250. What is y(67)?
219
Let h(m) = 3*m + 86. Determine h(-19).
29
Let r(i) = i**2 - 38*i + 119. Give r(33).
-46
Let t(v) = 4*v**3 - 2*v**2 - 9*v - 26. Determine t(-7).
-1433
Let w(u) = -u**3 - 15*u**2 - 4*u + 276. Give w(-13).
-10
Let s(r) = r**3 + r**2 - 3*r + 23. Give s(-5).
-62
Let t(h) = -165*h - 822. Determine t(-5).
3
Let y(c) = -c**2 - 40*c + 3. Determine y(0).
3
Let v(m) = 9*m**3 - 5*m**2 - 15*m - 16. What is v(-2)?
-78
Let g(a) = -a**2 - a + 47. Calculate g(-7).
5
Let x(u) = u**2 - 102*u + 1005. Calculate x(11).
4
Let c(h) = -h - 1029. What is c(24)?
-1053
Let d(o) = -o**3 + 65*o**2 + 1102*o - 68. What is d(-14)?
-12
Let l(j) = 3*j**2 + 58*j - 30. Calculate l(-20).
10
Let k(x) = 868*x - 184024. What is k(212)?
-8
Let r(n) = 31*n**2 - 79*n + 1. Calculate r(3).
43
Let x(p) = 203*p - 5068. What is x(25)?
7
Let z(r) = -r**3 - 31*r**2 - 82*r + 13. Calculate z(-28).
-43
Let f(u) = -4*u**2 + 451*u + 28. Determine f(113).
-85
Let d(g) = -103*g - 716. Give d(-7).
5
Let s(f) = 8*f + 449. Calculate s(-60).
-31
Let b(x) = 3*x**2 - 42*x - 13. Calculate b(9).
-148
Let p(s) = -27*s - 73. Determine p(-29).
710
Let c(i) = 58*i - 6179. Calculate c(108).
85
Let c(u) = 170*u - 5928. Determine c(35).
22
Let k(a) = -a**3 + 7*a**2 - 28*a + 64. Calculate k(4).
0
Let s(k) = -49*k**3 + 11*k**2 + 11*k + 1. What is s(-1)?
50
Let l(b) = 43*b**3 + 14*b**2 + 20*b - 4. Calculate l(-2).
-332
Let a(u) = 13*u**2 + 126*u + 115. Determine a(-11).
302
Let v(z) = z**3 - 97*z**2 + z - 170. Give v(97).
-73
Let v(q) = q**3 + 22*q**2 + 111*q - 22. Calculate v(-14).
-8
Let c(g) = 4*g**3 - 86*g**2 + 51*g + 13. Calculate c(21).
202
Let c(a) = 22*a + 332. Determine c(-5).
222
Let y(z) = -z**2 - 31*z - 287. Calculate y(-22).
-89
Let b(q) = q**3 + 5*q**2 - 8*q + 19. Give b(-7).
-23
Let f(i) = 3800